
{"version":"1.0","type":"rich","provider_name":"\u00c0 nous de jouer&nbsp;!","provider_url":"https:\/\/anousdejouer.ch","title":"Les inscriptions pour la Session des jeunes 2026 sont ouvertes&nbsp;!","author_name":"Romain","width":"480","height":"295","url":"http:\/\/avousdejouer.ch\/Les-inscriptions-pour-la-Session-des-jeunes-2026-sont-ouvertes","html":"\u003Ch4 class='title'\u003E\u003Ca href='http:\/\/avousdejouer.ch\/Les-inscriptions-pour-la-Session-des-jeunes-2026-sont-ouvertes'\u003ELes inscriptions pour la Session des jeunes 2026 sont ouvertes&nbsp;!\u003C\/a\u003E\u003C\/h4\u003E\u003Cblockquote class='spip'\u003ELa Session des jeunes se tiendra du 5 au 8 novembre 2026 \u00e0 Berne et s&#8217;adresse aux jeunes \u00e2g\u00e9s de 14 \u00e0 21 ans r\u00e9sidant en Suisse.\n\n\u003Cbr \/\u003E \tUne fois par an, le Palais f\u00e9d\u00e9ral appartient aux jeunes&nbsp;: 200 jeunes de toute la Suisse se r\u00e9unissent pendant quatre jours \u00e0 Berne pour discuter de leurs pr\u00e9occupations et formuler des revendications politiques. Les politiciens* \u00e9tablis \u00e9coutent - et les jeunes parlent.\n\n\u003Cbr \/\u003E \tLa Session des jeunes est l&#8217;un des plus grands projets de participation par et&nbsp;(...)\u003C\/blockquote\u003E\n"}

À nous de jouer&nbsp;!

<h4 class='title'><a href='http://avousdejouer.ch/Les-inscriptions-pour-la-Session-des-jeunes-2026-sont-ouvertes'>Les inscriptions pour la Session des jeunes 2026 sont ouvertes&nbsp;!</a></h4><blockquote class='spip'>La Session des jeunes se tiendra du 5 au 8 novembre 2026 à Berne et s&#8217;adresse aux jeunes âgés de 14 à 21 ans résidant en Suisse.

<br /> 	Une fois par an, le Palais fédéral appartient aux jeunes&nbsp;: 200 jeunes de toute la Suisse se réunissent pendant quatre jours à Berne pour discuter de leurs préoccupations et formuler des revendications politiques. Les politiciens* établis écoutent - et les jeunes parlent.

<br /> 	La Session des jeunes est l&#8217;un des plus grands projets de participation par et&nbsp;(...)</blockquote>
